8
Calculate the greatest common factor of 4645 and 5.
5
What is the highest common divisor of 2035 and 11655?
185
What is the greatest common factor of 326 and 2771?
163
Calculate the highest common divisor of 27 and 972.
27
Calculate the greatest common factor of 243 and 459.
27
Calculate the highest common divisor of 40 and 3320.
40
What is the highest common divisor of 172 and 430?
86
Calculate the highest common divisor of 1240 and 50.
10
Calculate the greatest common factor of 2538 and 188.
94
What is the highest common divisor of 3384 and 117?
9
Calculate the highest common factor of 8 and 300.
4
What is the greatest common divisor of 106 and 583?
53
What is the greatest common factor of 3333 and 33?
33
Calculate the highest common divisor of 44 and 1859.
11
What is the greatest common factor of 108 and 801?
9
Calculate the greatest common factor of 60 and 8.
4
Calculate the greatest common factor of 1168 and 730.
146
Calculate the greatest common factor of 75 and 129.
3
What is the greatest common divisor of 329 and 235?
47
Calculate the greatest common factor of 203 and 1450.
29
What is the greatest common factor of 282 and 62886?
282
Calculate the greatest common factor of 10125 and 108.
27
What is the greatest common divisor of 160 and 320?
160
What is the highest common divisor of 15 and 75?
15
Calculate the greatest common divisor of 1575 and 63.
63
What is the highest common factor of 204 and 442?
34
What is the greatest common factor of 222 and 2886?
222
What is the highest common divisor of 219 and 292?
73
Calculate the highest common divisor of 135 and 9855.
135
What is the greatest common factor of 187 and 33?
11
What is the greatest common divisor of 328 and 124?
4
Calculate the greatest common factor of 847 and 1089.
121
Calculate the highest common divisor of 155 and 15.
5
What is the highest common divisor of 1 and 4?
1
Calculate the highest common factor of 70 and 40.
10
What is the greatest common divisor of 949 and 13?
13
Calculate the greatest common factor of 75 and 225.
75
What is the highest common factor of 592 and 28712?
296
What is the highest common factor of 575 and 50?
25
What is the greatest common factor of 147 and 12201?
147
What is the highest common factor of 646 and 171?
19
What is the highest common divisor of 328 and 10660?
164
Calculate the greatest common divisor of 55 and 1210.
55
Calculate the highest common divisor of 77 and 440.
11
What is the highest common factor of 112 and 168?
56
Calculate the greatest common divisor of 12156 and 12.
12
Calculate the highest common factor of 20 and 500.
20
Calculate the highest common divisor of 405 and 30.
15
Calculate the greatest common divisor of 510 and 1326.
102
Calculate the greatest common divisor of 322 and 14.
14
Calculate the highest common divisor of 21 and 889.
7
Calculate the highest common factor of 1625 and 15.
5
What is the greatest common divisor of 231 and 2?
1
Calculate the highest common factor of 42 and 108570.
42
Calculate the highest common factor of 225 and 17325.
225
Calculate the greatest common factor of 534 and 2314.
178
Calculate the highest common divisor of 115 and 1817.
23
Calculate the highest common factor of 28709 and 38.
19
Calculate the greatest common divisor of 203 and 7.
7
What is the highest common divisor of 66 and 1704?
6
Calculate the highest common factor of 9056 and 16.
16
Calculate the greatest common factor of 264 and 330.
66
Calculate the greatest common divisor of 224 and 256.
32
Calculate the highest common factor of 114 and 18.
6
Calculate the highest common divisor of 16 and 80.
16
What is the greatest common factor of 140 and 160?
20
Calculate the greatest common factor of 8302 and 98.
14
Calculate the greatest common divisor of 135 and 15.
15
What is the highest common divisor of 72 and 192?
24
Calculate the highest common divisor of 84 and 231.
21
What is the highest common divisor of 658 and 28?
14
Calculate the highest common divisor of 62 and 117056.
62
Calculate the greatest common divisor of 15 and 465.
15
Calculate the greatest common factor of 6593 and 19.
19
Calculate the greatest common divisor of 39 and 69.
3
Calculate the greatest common factor of 384 and 7168.
128
Calculate the highest common divisor of 1350 and 1566.
54
Calculate the highest common divisor of 42 and 147.
21
Calculate the highest common divisor of 139 and 2641.
139
Calculate the greatest common divisor of 2673 and 11.
11
Calculate the highest common factor of 9 and 1629.
9
What is the highest common divisor of 8918 and 42?
14
Calculate the highest common factor of 2528 and 79.
79
What is the highest common divisor of 87 and 2784?
87
What is the highest common divisor of 1903 and 55?
11
What is the greatest common divisor of 115 and 14122?
23
What is the highest common divisor of 184 and 12?
4
What is the highest common factor of 3 and 2?
1
Calculate the highest common divisor of 67 and 4.
1
Calculate the greatest common factor of 59 and 1534.
59
What is the highest common factor of 297 and 4125?
33
Calculate the greatest common factor of 5382 and 126.
18
What is the greatest common divisor of 178 and 15842?
178
Calculate the greatest common divisor of 44 and 8.
4
What is the highest common factor of 532 and 399?
133
Calculate the highest common divisor of 442 and 12155.
221
Calculate the greatest common divisor of 126 and 72.
18
Calculate the highest common divisor of 26061 and 42.
21
Calculate the greatest common factor of 306 and 34.
34
Calculate the greatest common divisor of 284 and 2698.
142
Calculate the highest common divisor of 2 and 12.
2
Calculate the greatest common divisor of 182 and 6097.
91
Calculate the highest common divisor of 245 and 60.
5
What is the greatest common divisor of 187 and 85?
17
What is the greatest common divisor of 28 and 826?
14
Calculate the highest common factor of 192 and 12.
12
Calculate the highest common factor of 306 and 36.
18
What is the highest common factor of 4173 and 117?
39
Calculate the highest common factor of 1672 and 154.
22
What is the greatest common factor of 3531 and 462?
33
Calculate the highest common divisor of 12475 and 175.
25
Calculate the highest common divisor of 8 and 2312.
8
Calculate the highest common factor of 42 and 7994.
14
What is the greatest common factor of 35 and 140?
35
Calculate the greatest common divisor of 19 and 3249.
19
Calculate the highest common factor of 2388 and 12.
12
Calculate the highest common factor of 11232 and 27.
27
What is the highest common factor of 436 and 48?
4
Calculate the highest common divisor of 826 and 14.
14
Calculate the highest common factor of 464 and 14.
2
What is the highest common factor of 1441 and 88?
11
Calculate the greatest common divisor of 150 and 6800.
50
What is the greatest common divisor of 944 and 128?
16
What is the highest common factor of 62 and 403?
31
Calculate the greatest common divisor of 85 and 85.
85
Calculate the highest common divisor of 2 and 64.
2
What is the highest common divisor of 22 and 118?
2
Calculate the highest common divisor of 187 and 22.
11
Calculate the highest common divisor of 30 and 104430.
30
What is the highest common divisor of 4389 and 418?
209
What is the highest common factor of 1530 and 1575?
45
What is the highest common factor of 12 and 100?
4
Calculate the highest common divisor of 6 and 474.
6
What is the greatest common divisor of 2121 and 21?
21
Calculate the highest common factor of 16 and 5.
1
Calculate the greatest common factor of 84 and 96.
12
What is the greatest common factor of 15 and 88905?
15
What is the highest common factor of 50 and 10090?
10
What is the highest common factor of 605 and 4114?
121
What is the greatest common divisor of 9614 and 92?
46
What is the greatest common divisor of 3 and 297?
3
What is the greatest common factor of 20430 and 15?
15
Calculate the greatest common factor of 17 and 731.
17
Calculate the greatest common divisor of 1995 and 19.
19
What is the greatest common factor of 21 and 777?
21
Calculate the highest common divisor of 67 and 6901.
67
Calculate the highest common factor of 108 and 72.
36
Calculate the greatest common factor of 225 and 10905.
15
Calculate the greatest common divisor of 3455 and 35.
5
Wha